 - 5*r**3/6 + 5*r**2. Let d(m) = -m - 4. Let g(v) = -5*d(v) + 4*k(v). Determine g(x).
-1
Let s(v) = 3*v + 19. Let r be s(-8). Let k(d) = -d**2 - 5*d - 4. Determine k(r).
-4
Let z(v) be the third derivative of -v**6/360 - v**5/120 + v**4/24 + 5*v**3/6 - 6*v**2. Let w(n) be the first derivative of z(n). Determine w(2).
-5
Let k(q) = -q**2 + q + 2. Suppose -3*v + 6*v + 15 = 0, -2*a + 5 = -v. Calculate k(a).
2
Let p(w) = -2*w + 5. Suppose -4*l + 15 + 5 = 0. What is p(l)?
-5
Let u(k) = 30*k - 12*k - 9*k - 6 - 11*k. What is u(-4)?
2
Let r(z) = -2*z**2 - z - 1. Let w(m) be the third derivative of -m**6/120 + m**2. Let b be w(-1). Let i = b - 2. What is r(i)?
-2
Let n(l) = -l**3 + 7*l**2 - 4*l - 7. Let i(b) = b + 13. Let y be i(-13). Suppose -12 = -2*z - y. Determine n(z).
5
Let x(t) = 4*t**2 + 2*t - 1. Let r(m) be the third derivative of m**4/24 - m**3/6 + m**2. Let n be r(2). Determine x(n).
5
Suppose 3*s - 18 = -3*d, -d + 4 = 3*d. Let g(p) = p**2 - 7*p. What is g(s)?
-10
Let j(h) = h**3 + 4*h**2 + 2*h + 1. Let m = -1 - -6. Let p be m*(6/5)/2. Suppose p*r = -3 - 9. What is j(r)?
-7
Let y(d) = d**2 + 5*d + 2. Suppose 0 = 2*g - 5*g + 6, 4*c + 3*g = 18. Let b(a) = -2*a**2 - 10*a - 4. Let p(t) = c*b(t) + 5*y(t). What is p(-3)?
4
Let g(j) be the third derivative of j**4/24 - 5*j**3/6 - 7*j**2. Let l(s) = -s**3 - 4*s**2 + 3*s - 7. Let k be l(-5). What is g(k)?
-2
Let n = 20 - 13. Let l(x) = 5 + 3 - x**2 + 2*x + 4*x. Give l(n).
1
Let t(o) be the third derivative of -o**6/120 + o**4/6 + o**3/6 + 21*o**2. What is t(3)?
-14
Let y(p) = -p**2 + 8*p - 12. Let n(w) = 1. Let u(a) = -6*n(a) - y(a). What is u(6)?
-6
Let s(z) be the second derivative of -z - 1/2*z**2 + 0 - 1/12*z**4 - 1/2*z**3. Let b be 10/(-3) + 10/(-15). Determine s(b).
-5
Let b = -7 + 11. Let o(g) = g**3 - 3*g**2 - 5*g - 3. What is o(b)?
-7
Let o(u) = -3*u + 3. Let z(s) = -7*s + 7. Let n(d) = 5*o(d) - 2*z(d). Let l(t) = 1 + 0*t + 0 + t - 6. Let p be l(6). Give n(p).
0
Let p(n) be the third derivative of 0 + 1/12*n**5 - 1/120*n**6 + 7/24*n**4 + 0*n - 1/6*n**3 - 2*n**2. What is p(6)?
5
Let q(x) = x + 1. Let k = 27 + -11. Let i = k - 20. What is q(i)?
-3
Let g(n) = -2*n. Let f be g(-3). Let d(u) = -3*u**3 - 10*u**2 + 3*u + 10. Let x(m) = -5*m**3 - 19*m**2 + 5*m + 19. Let z(p) = 7*d(p) - 4*x(p). Calculate z(f).
0
Let d(m) be the third derivative of m**4/24 + m**3/3 - 4*m**2. Suppose 7*r - 16 = 3*r. What is d(r)?
6
Let i(v) = -v**3 + 5*v**2 - 7*v + 6. Let x be 3 - (-1 + 2 - 10). Suppose -u + 7 = 4*t - 4*u, -x = -4*u. What is i(t)?
-6
Suppose 0 = -c + 2*s - 3, 3*s = -4*c - 0*s + 21. Let l(m) be the third derivative of -5/6*m**3 + c*m**2 + 0*m + 0 + 1/60*m**5 - 1/8*m**4. What is l(5)?
5
Let t(f) = 1 - 10 - 4*f + 7. What is t(-3)?
10
Let g(w) = -3*w + 6. Let b be g(6). Let j be 6/4*(-40)/b. Let h(p) = 3*p - 9. Let t(q) = 2*q - 5. Let y(u) = 3*h(u) - 5*t(u). What is y(j)?
-7
Let h(b) = -6 + 3*b + 3*b**2 + 5*b**3 + 3*b**2 - 4*b**3. Let s(x) = -3*x + 5. Let z be s(6). Let u = z + 8. Give h(u).
4
Let z = 7 + -3. Let t = 6 + -3. Let m be -1 + z*t/6. Let w(o) = -8*o. What is w(m)?
-8
Suppose 24 = -6*t - 6. Let a(x) be the second derivative of x**4/12 + 7*x**3/6 + 5*x**2/2 - x. Give a(t).
-5
Let k(i) = 4*i + 1. Suppose -3*x + 2*q = -x, -5*x = -3*q + 2. Give k(x).
-3
Let z(k) = -k**3 - 3*k**2 - 2*k - 4. Let o be z(-3). Let n(w) = 2*w**3 - 7 - o*w**2 - w**3 + 7*w**2 - w. Calculate n(-5).
-2
Let h(a) = a + 8. Let d = -8 + 7. Let r = -3 + d. Determine h(r).
4
Let t(j) be the third derivative of 0*j - 2/3*j**3 + 1/24*j**4 + 1/60*j**5 - 4*j**2 + 0. Let x(r) be the first derivative of t(r). Calculate x(-2).
-3
Let j be -1 - -4 - (6 - 5). Let y(r) = 3*r - j*r - 3*r + 2. Determine y(2).
-2
Let m(k) = k - 1. Let o = -16 - -11. Let t = -3 - o. Suppose 3*w = 3*y - 1 - t, -2*y = -10. Determine m(w).
3
Let y(w) = 2*w**2 - w - 3. Let q be y(4). Suppose -4*m - 2*l = -0*m - 2, 5*m - 2*l - q = 0. Let p(t) = t - 5. What is p(m)?
-2
Let t(y) = 5*y**2 + 1. Let d be t(1). Let f(v) = v**3 - 6*v**2 - 3*v + 5. Determine f(d).
-13
Let h(m) = m**3 + 5*m**2 + 5*m + 2. Let r(p) = -p**3 - 5*p**2 + 8*p + 7. Let a be r(-6). Let k = 1 + a. What is h(k)?
-2
Let k(g) = g**3 + 3*g**2 + g - 3. Suppose 3*f + 12 = t - 0*f, 3*t + 29 = -4*f. Give k(t).
-6
Let k = -1 + 31. Suppose -4*d + k = d. Let f(z) = z**3 - 6*z**2 + z - 4. What is f(d)?
2
Let g(y) = -3 - 5*y**2 + 6*y + y**2 + 4*y**3 - 1. Let u(z) = 11*z**3 - 12*z**2 + 17*z - 11. Let b(k) = -8*g(k) + 3*u(k). Calculate b(2).
-3
Let p(u) = -u**3 - u**2 - 2*u - 1. Suppose -5*y + 4 = -2*r + 1, -2*r + 21 = 3*y. Let a = r + -7. Calculate p(a).
1
Let x(c) = 4*c**2 - 4*c + 5. Let j(h) = -h**2 + 9*h + 4. Let a be j(9). Let l(m) = -3*m**2 + 4*m - 4. Let i(v) = a*x(v) + 5*l(v). Determine i(-3).
-3
Let r(o) = o - 7. Let i(a) = -2*a + 14. Let x(h) = -4*i(h) - 7*r(h). Give x(5).
-2
Suppose -5*v - x = 13, 0 = -5*x + 13 - 3. Let q be 1*(3 + -1 + v). Let l(u) = -8*u**3 + u. Calculate l(q).
7
Let l(k) = 2 + 4*k - 4*k + k. Let c = 32 - 27. Determine l(c).
7
Let y be (-1 - 0) + -7 + 4. Let h = y + 4. Let n(c) = -c - 2. Determine n(h).
-2
Let y(d) be the second derivative of 2*d**4 - d**2/2 + 23*d. What is y(-1)?
23
Let y(c) = -5*c**2 + 2*c - 906 + 3*c**2 + 902 + 4*c**2. Calculate y(-3).
8
Let m be (3/(3/(-8)))/(-2). Suppose n - 11 + m = 2*k, -5*k = -5*n + 15. Let b(u) = u**3 + 5*u**2 + 6*u + 5. What is b(k)?
-3
Let r(n) = 2*n + 20. Let w be r(-11). Let d(x) = 5*x + 2. Let q(v) = -4*v - 2. Let h(s) = -3*d(s) - 4*q(s). What is h(w)?
0
Let v(z) = z**2 - 19. Let a = 134 + -134. Give v(a).
-19
Let z(k) = -4*k**2 - 2*k - 1. Let s(v) = v**3 - 3*v**2 - 4*v + 5. Let w be s(4). Suppose 0 = -w*g + g - 4. What is z(g)?
-3
Let q = 8 + -5. Let z(u) = 2*u**2 - q*u**2 + 3*u**2. Calculate z(2).
8
Let z = 3 + -6. Let i(j) = j**3 + 5*j**2 + j + 7. Let m be i(-5). Let v(p) = -3 - 2*p**2 - m*p + p**2 - p. Calculate v(z).
-3
Let v be 2/(-12)*4*-3. Let y(p) = -v*p - 6*p + 16*p + 0*p + p**2 + 1. Determine y(-6).
-11
Suppose -15 - 1 = -4*p. Let w(l) = -l - 3*l + 2*l + p*l. Determine w(2).
4
Let s(z) = 2*z**2 - 3*z - 2. Let q(r) = -r**2 + r - 1. Let p(a) = 3*q(a) + s(a). Let u = -1 - 1. Let n be (0 - (-2 + 0)) + u. What is p(n)?
-5
Let i(w) = w - 9. Let v(u) = -u + 9. Let h(d) = 2*i(d) + 3*v(d). Let c = -9 - -15. Give h(c).
3
Let m(p) = -p**3 + 6*p**2 - p + 6. Let q be m(6). Suppose q = -3*z, -3*j = -z - 2 - 1. Let i(h) = 2*h**2 - 2*h + 1. Calculate i(j).
1
Let r(v) = -v**3 + v**2 + v - 2. Suppose 2*f + 2*z = -2*f + 6, -3*z = -2*f + 7. Calculate r(f).
-4
Suppose 4*x - h + 3*h = -40, 3*h - 20 = 4*x. Let y(l) = l**2 + 7*l - 11. Let v be y(x). Let g(z) = -z. Calculate g(v).
3
Let w be 27/21 + 4/(-14). Let c(h) = -h**3 + 4*h**2 - h - 3. Let u be c(3). Let z(y) = -y + 1 - w + u. What is z(3)?
0
Let r(x) = -13*x**2 + 2*x - 1. Let t = -2 + -1. Let m be (-50)/(-6) + t/9. Let q be ((-2)/(-8))/(2/m). Determine r(q).
-12
Let t(d) be the third derivative of -d**4/24 + d**3/3 + 15*d**2. Give t(2).
0
Let h = 587/708 - -1/236. Let r(z) be the second derivative of h*z**3 + 0 + 3*z + 1/2*z**2. Determine r(1).
6
Let b(g) = -7*g**2 + 8*g**2 + 1 + 0*g**2. Suppose 0*c = -2*c + 2. Calculate b(c).
2
Let x = 11 - 7. Let j(d) be the third derivative of 4*d**2 - 1/30*d**5 + 0*d + 1/4*d**4 + 0 - 1/3*d**3. What is j(x)?
-10
Let l be (0 - 10*-1)/2. Let w(n) = -2*n + 3. Calculate w(l).
-7
Let d(x) = 7*x**2 - 6*x + 9. Let v(h) = -11*h**2 + 9*h - 13. Let f(n) = 7*d(n) + 5*v(n). What is f(2)?
-20
Suppose -4*w - 8 = 4*x, 2*x - w = -5 + 10. Let t(h) = -2*h**3 - h**2 - h + 1. Determine t(x).
-3
Let q(x) = -8 + 23 - 11 - 2*x - 10. Determine q(-6).
6
Suppose -3*g = 4 + 11, 37 = 3*p - 5*g. Let i(z) = -p + z - 3*z + 3*z. Suppose -4*m + 3*m + 6 = 0. Calculate i(m).
2
Let o = -6 - -4. Let u(b) be the third derivative of -b**6/720 - b**5/60 + b**4/12 + 5*b**2. Let r(z) be the second derivative of u(z). What is r(o)?
0
Suppose 5 = -m + 2. Let s(l) = l - 6. Let r(y) = 1. Let g(x) = 2*r(x) + s(x). Calculate g(m).
-7
Let a(j) = -j**2 + 3*j + 8. Let g(k) = 4*k**2 - 10*k - 25. Let w(n) = -7*a(n) - 2*g(n). Suppose 0 = -4*m + 11 - 11. Calculate w(m).
-6
Let q(b) be the second derivative of 1/3*b**3 - 3*b - b**2 + 0. Determine q(4).
6
Let u(c) = -3*c - 8. Let z(b) = -2*b - 7. Let x(k) = -3*